{"id":497,"date":"2015-03-11T19:27:19","date_gmt":"2015-03-11T22:27:19","guid":{"rendered":"https:\/\/www.aatri.org\/?post_type=tribe_events&amp;p=497"},"modified":"2015-03-11T19:27:19","modified_gmt":"2015-03-11T22:27:19","slug":"ciencia-y-aplicacion-en-cosmetica","status":"publish","type":"tribe_events","link":"https:\/\/aatri.org\/?tribe_events=ciencia-y-aplicacion-en-cosmetica","title":{"rendered":"Ciencia y Aplicaci\u00f3n en Cosm\u00e9tica"},"content":{"rendered":"<div>\n<ul class=\"listaBasica\">\n<li>Introducci\u00f3n a la Tricolog\u00eda.<\/li>\n<li>Influencia socio-cultural del cabello en la historia.<\/li>\n<li>Biolog\u00eda del fol\u00edculo piloso y la fibra capilar.<\/li>\n<li>Alteraciones de la fibra capilar y del cuero cabelludo.<\/li>\n<li>Alopec\u00edas: definici\u00f3n y clasificac\u00f3n.<\/li>\n<li>La importancia de su tratamiento, acompa\u00f1amiento y seguimiento.<\/li>\n<li>Cosm\u00e9ticos capilares, Reflexoterapia cr\u00e1neo facial \u00ae , Medicamentos y Cirug\u00edas capilares.<\/li>\n<li>La moda en el cabello. La aceptaci\u00f3n y pertenencia social. Los tipos de coloraciones y los fundamentos.<\/li>\n<li>Mecanismo de acci\u00f3n de los alisados y las permanentes. Los cortes y peinados: sus alteraciones sobre las fibras.<\/li>\n<li>Influencia de las pelucas y postizos.<\/li>\n<li>Conclusiones del curso. La importancia de las interacciones T\u00e9cnico-M\u00e9dica y M\u00e9dico-T\u00e9cnica.<\/li>\n<\/ul>\n<p>Profesores:\u00a0<a href=\"https:\/\/ar.linkedin.com\/in\/tricologia\" target=\"_blank\">Dra. Maria Laura Bovcon<\/a>,\u00a0<a href=\"https:\/\/ar.linkedin.com\/in\/tricologo\" target=\"_blank\">Tric\u00f3logo Miguel Cisterna\u00a0<\/a>y Profesor Invitado<\/p>\n<\/div>\n","protected":false},"excerpt":{"rendered":"<p>Introducci\u00f3n a la Tricolog\u00eda. Influencia socio-cultural del cabello en la historia. Biolog\u00eda del fol\u00edculo piloso y la fibra capilar. Alteraciones de la fibra capilar y del cuero cabelludo. Alopec\u00edas: definici\u00f3n&hellip;<\/p>\n<p><a class=\"more-link\" href=\"https:\/\/aatri.org\/?tribe_events=ciencia-y-aplicacion-en-cosmetica\" title=\"Seguir leyendo &lsquo;Ciencia y Aplicaci\u00f3n en Cosm\u00e9tica&rsquo;\">Sigue leyendo <span class=\"meta-nav\">&rarr;<\/span><\/a><\/p>\n","protected":false},"author":1,"featured_media":498,"template":"","meta":{"_acf_changed":false,"_tribe_events_status":"","_tribe_events_status_reason":"","footnotes":""},"tags":[],"tribe_events_cat":[41,3],"class_list":["post-497","tribe_events","type-tribe_events","status-publish","has-post-thumbnail","hentry","tribe_events_cat-cosmetologia","tribe_events_cat-cursos","cat_cosmetologia","cat_cursos"],"acf":[],"_links":{"self":[{"href":"https:\/\/aatri.org\/index.php?rest_route=\/wp\/v2\/tribe_events\/497","targetHints":{"allow":["GET"]}}],"collection":[{"href":"https:\/\/aatri.org\/index.php?rest_route=\/wp\/v2\/tribe_events"}],"about":[{"href":"https:\/\/aatri.org\/index.php?rest_route=\/wp\/v2\/types\/tribe_events"}],"author":[{"embeddable":true,"href":"https:\/\/aatri.org\/index.php?rest_route=\/wp\/v2\/users\/1"}],"version-history":[{"count":0,"href":"https:\/\/aatri.org\/index.php?rest_route=\/wp\/v2\/tribe_events\/497\/revisions"}],"wp:featuredmedia":[{"embeddable":true,"href":"https:\/\/aatri.org\/index.php?rest_route=\/wp\/v2\/media\/498"}],"wp:attachment":[{"href":"https:\/\/aatri.org\/index.php?rest_route=%2Fwp%2Fv2%2Fmedia&parent=497"}],"wp:term":[{"taxonomy":"post_tag","embeddable":true,"href":"https:\/\/aatri.org\/index.php?rest_route=%2Fwp%2Fv2%2Ftags&post=497"},{"taxonomy":"tribe_events_cat","embeddable":true,"href":"https:\/\/aatri.org\/index.php?rest_route=%2Fwp%2Fv2%2Ftribe_events_cat&post=497"}],"curies":[{"name":"wp","href":"https:\/\/api.w.org\/{rel}","templated":true}]}}

Ciencia y Aplicación en Cosmética

<div>
<ul class="listaBasica">
<li>Introducción a la Tricología.</li>
<li>Influencia socio-cultural del cabello en la historia.</li>
<li>Biología del folículo piloso y la fibra capilar.</li>
<li>Alteraciones de la fibra capilar y del cuero cabelludo.</li>
<li>Alopecías: definición y clasificacón.</li>
<li>La importancia de su tratamiento, acompañamiento y seguimiento.</li>
<li>Cosméticos capilares, Reflexoterapia cráneo facial ® , Medicamentos y Cirugías capilares.</li>
<li>La moda en el cabello. La aceptación y pertenencia social. Los tipos de coloraciones y los fundamentos.</li>
<li>Mecanismo de acción de los alisados y las permanentes. Los cortes y peinados: sus alteraciones sobre las fibras.</li>
<li>Influencia de las pelucas y postizos.</li>
<li>Conclusiones del curso. La importancia de las interacciones Técnico-Médica y Médico-Técnica.</li>
</ul>
<p>Profesores: <a href="https://ar.linkedin.com/in/tricologia" target="_blank">Dra. Maria Laura Bovcon</a>, <a href="https://ar.linkedin.com/in/tricologo" target="_blank">Tricólogo Miguel Cisterna </a>y Profesor Invitado</p>
</div>

<p>Introducción a la Tricología. Influencia socio-cultural del cabello en la historia. Biología del folículo piloso y la fibra capilar. Alteraciones de la fibra capilar y del cuero cabelludo. Alopecías: definición&hellip;</p>
<p><a class="more-link" href="https://aatri.org/?tribe_events=ciencia-y-aplicacion-en-cosmetica" title="Seguir leyendo &lsquo;Ciencia y Aplicación en Cosmética&rsquo;">Sigue leyendo <span class="meta-nav">&rarr;</span></a></p>
